he prime factors of l.
5, 7
Suppose j + 8 = 41. Suppose 175 - j = 2*q. What are the prime factors of q?
71
Let s = -159 + 870. List the prime factors of s.
3, 79
Let j(w) be the first derivative of 2*w**3 - 6*w**2 + 6*w - 3. Let v be j(5). Suppose f - v = -f. What are the prime factors of f?
2, 3
Let v = 7 - 24. Let d(c) = c**3 + 6*c**2 + 2*c - 2. Let k be d(-3). Let g = k + v. What are the prime factors of g?
2
Let b(v) = v**3 + 2*v**2 - 3*v - 1. Let s be b(-2). Suppose 0 = -5*c - 2*o + 352, s*c - 4*c + 2*o = 64. List the prime factors of c.
2, 3
What are the prime factors of 3124 + (-2*4 - (-2 + -4))?
2, 7, 223
Let r be ((-4)/(-4)*1)/(-1). Let z = 6 + r. Suppose f = 2*b - 4*b + 73, -z*f = 2*b - 77. List the prime factors of b.
2, 3
Suppose -2*y + 3*w = -8700, -2*y - 5497 + 14207 = 2*w. List the prime factors of y.
3, 1451
List the prime factors of 8/(78/5430*209 + -3).
2, 5, 181
Let m(u) be the third derivative of u**6/120 + 11*u**5/60 + 3*u**4/8 + u**3 - 16*u**2. List the prime factors of m(-10).
2
Let o = 1795 + 4654. List the prime factors of o.
6449
Let b(h) = -4*h**2 + 3*h. Let n be b(-6). Let z = n + 277. List the prime factors of z.
5, 23
Let o(p) = 3*p**2 + 35*p + 35. List the prime factors of o(-19).
3, 151
Let t be (4/5)/(2/(-5)). Let y(m) = -m. Let s be y(t). Suppose 3*v = -s*o + 20, -3*o = -6*o + 3*v + 60. What are the prime factors of o?
2
Let x(i) = i + 4. Let u be x(0). Suppose 0 = -u*g, -5*c - 5*g = -17 + 87. Let b(t) = t**3 + 15*t**2 + 14*t + 15. What are the prime factors of b(c)?
3, 5
Let c = 45 - 53. Let p(a) = a**3 + 10*a**2 + 4*a. List the prime factors of p(c).
2, 3
Suppose -3 = -6*j + 15. List the prime factors of (12*-2)/j*-1.
2
Let h = -1156 + 1402. What are the prime factors of h?
2, 3, 41
Let b(g) = -296*g + 44. What are the prime factors of b(-3)?
2, 233
List the prime factors of 0 + 12/(-6) + 442.
2, 5, 11
Suppose -3*s = z + 15, 5*s + 2 + 23 = z. Suppose 6*o - 102 = -z*o. List the prime factors of o.
17
Let p be (-2)/(-6) - (-4)/6. Let q(u) = 2*u**2 - 4*u + 3. Let x be q(2). What are the prime factors of (-3 + x)*p + 9?
3
Suppose g + 3*x = 934, -2*g - 7*x + 5*x + 1860 = 0. What are the prime factors of g?
2, 29
Let v be 0 + 2/(-7) - (-74)/14. Let n = 106 - v. List the prime factors of n.
101
Let d(n) = -2*n + 1. Let f be d(-2). Let o(g) = -g**2 + 6*g - 1. Let a be o(5). Suppose -f*t - a = -24. List the prime factors of t.
2
List the prime factors of (-3)/2*(-9 + 3015/(-27)).
181
Let c(k) = 17 - 38 - 7*k - 15 + k**2 + 3*k**2. What are the prime factors of c(8)?
2, 41
Let l(s) = s**3 + 4*s**2 + 3*s. Let t be l(-2). Suppose -t*g + 3*x + 21 = -6, -g + 3*x + 21 = 0. What are the prime factors of (-34)/(-4)*12/g?
17
Let t be (-4)/6 + (-64)/(-24). Let k be (13 - -3)/4*t. Suppose g - 32 = -k. List the prime factors of g.
2, 3
Suppose -18*s + 13*s + 3*x + 8564 = 0, 0 = 2*s - x - 3426. What are the prime factors of s?
2, 857
Suppose 0*z - 2*z = -2*x + 138, -z = 2*x - 129. Let d = 121 - x. List the prime factors of d.
5, 11
Let z(v) = 34*v**2 - 16*v - 107. What are the prime factors of z(-5)?
823
Let r(l) = 6*l - 16. Let t be r(3). Suppose 3*h - 2*b - 273 = b, t*h + b - 176 = 0. List the prime factors of h.
89
Suppose 0 = -3*w - 12*w + 2415. Suppose -5*k + w = -5*q - 929, 5*k - 4*q - 1087 = 0. List the prime factors of k.
5, 43
Let l = 267 - 263. Let n be 94 + 2/(2*1). Suppose l*m + m = n. List the prime factors of m.
19
Let l(j) = 2*j**2 + 6*j + 4. Let w be l(-2). Suppose 2*q - 407 = h - 102, -3*q + h + 457 = w. What are the prime factors of q?
2, 19
Suppose -6*x + 5267 - 12725 = -5*k, 7425 = 5*k + 5*x. What are the prime factors of k?
2, 3, 31
Let s = 10 - 5. Let c(l) = s*l + 0*l - 4*l. List the prime factors of c(14).
2, 7
Let k(d) = d**2 + 5*d - 17. Let g(l) = l**2 + 5*l - 18. Let a(w) = 5*g(w) - 6*k(w). List the prime factors of a(0).
2, 3
Suppose 0 = 4*g, 4*g - 1215 = -4*p + 1557. What are the prime factors of p?
3, 7, 11
Let f(p) = 76*p - 62. What are the prime factors of f(5)?
2, 3, 53
Suppose 6 = u + 3*c, u + c - 6*c = -18. What are the prime factors of 260/(-15)*u/2?
2, 13
Let c = 2329 - 1652. What are the prime factors of c?
677
Let m(v) = -v**3 + v**2 + v - 4. Let g be (0/(-4))/(1 - 0) + -3. What are the prime factors of m(g)?
29
Suppose -89*t = -90*t + 26. Let r(i) = 10*i + 14. What are the prime factors of r(t)?
2, 137
Suppose 4*t = -n + 1160, 8*t = -3*n + 7*t + 3447. List the prime factors of n.
2, 7, 41
Let n = -66 + 56. List the prime factors of 37 + (-5)/n*0.
37
Let m(c) = -c**3 - 4*c**2 - 2*c + 1. Let i be m(-1). Suppose -3*a + 980 - 302 = i. List the prime factors of a.
2, 113
Let w = 6685 + -2519. What are the prime factors of w?
2, 2083
Let c be (-1)/(-4) - 920/(-32). Let n = -4 + c. What are the prime factors of 2/5 - (-1090)/n?
2, 11
Suppose 8*q - 427 = 3925. What are the prime factors of q?
2, 17
What are the prime factors of -4 + 322/(-8)*-4?
157
Suppose 0 = 7*n + 18*n - 6850. What are the prime factors of n?
2, 137
Let x(l) = -12 + l**2 + 3 + 37 - 8*l. List the prime factors of x(15).
7, 19
Suppose -f = 2*x + x - 738, -3*x + 732 = -f. List the prime factors of 2 + 2 + x/5.
53
Suppose -822 - 9474 = -3*v + 4*z, 5*z = 3*v - 10293. List the prime factors of v.
2, 859
Suppose -k = -6*k. Let f be (-1)/(k - (-2)/(-10)). Suppose 3*l - 5*w = 77, -f*l + 91 = -0*l + w. List the prime factors of l.
19
Let o = 26 - 23. List the prime factors of (-12)/8*(-68)/o.
2, 17
Suppose 5*m + b = 10055, -11*m + 9*m = 3*b - 4009. List the prime factors of m.
2, 503
Suppose 12 = -9*x + 12*x. Suppose -2*z = 3*z + x*v - 927, 0 = 4*z - 3*v - 754. What are the prime factors of z?
11, 17
Suppose -130 = 2*i + 3*i. Let p = i - -29. What are the prime factors of 1/p - (-330)/9?
37
Let z(g) = -2*g**2 + 30*g + 8. Let a be z(13). What are the prime factors of ((-16)/(-40) + (-62)/(-20))*a?
2, 3, 5, 7
Let v = -6 - -12. Let n = v + -6. Suppose 27 = -n*r + r. List the prime factors of r.
3
Let t = 2429 + -1268. What are the prime factors of t?
3, 43
Let b(u) = u**3 - 4*u**2 + 61*u + 7. What are the prime factors of b(10)?
1217
Suppose 3*t + 4505 = q, -15*q + 20*q + 3*t = 22489. List the prime factors of q.
11, 409
Suppose -12*c + 55 = -7*c. Let j = 43 - c. List the prime factors of j.
2
Let n be 9/(-21) + (-54)/21. Let k be n/(-4) + (-15)/(-12). Suppose -l = -k*l + 24. What are the prime factors of l?
2, 3
Let u(f) = 21*f + 15. What are the prime factors of u(17)?
2, 3, 31
Suppose 0 = 5*x - 11*x + 180. What are the prime factors of x?
2, 3, 5
Let h(z) = -53*z - 102. What are the prime factors of h(-18)?
2, 3, 71
Suppose 2*u + 500 = 3*a, -256 - 78 = -2*a + u. Suppose a = -27*w + 34*w. What are the prime factors of w?
2, 3
List the prime factors of (-152)/(-114) - 958/(-6).
7, 23
Suppose 0 = -25*s + 46*s - 25578. List the prime factors of s.
2, 3, 7, 29
Let t = 4990 + -2563. What are the prime factors of t?
3, 809
Let v(b) = b**3 + 9*b**2 - 12*b - 7. Let t be v(-10). Let p be (-8)/20 - (-87)/5. Let s = p - t. What are the prime factors of s?
2
Let f(a) = a + 25. Let b(s) = 11*s**2 - 18*s + 7. Let j(m) = -5*m**2 + 9*m - 3. Let h(l) = -6*b(l) - 13*j(l). Let v be h(-6). List the prime factors of f(v).
2, 5
Suppose -5*n = -n - 36. Suppose n*z - 423 = 513. What are the prime factors of z?
2, 13
Suppose -z + 102 = -19. List the prime factors of -1 + 1 + (z - 22).
3, 11
Let r(g) = -13*g + 11*g**2 - 2 + 9*g + 6*g - g**3. Let i be r(7). Suppose -5*o + 0*z + i = -z, 0 = 3*z - 6. List the prime factors of o.
2, 3, 7
Suppose -i + 734 = -5*w, i - 3*w - 99 = 645. What are the prime factors of i?
3, 11, 23
Suppose 3*j - 8*j + 7214 = -v, -5*j = 4*v - 7219. What are the prime factors of j?
3, 13, 37
Let o(n) = -190*n + 45. Let m(q) = 21*q - 5. Let a(k) = 35*m(k) + 4*o(k). List the prime factors of a(-2).
5, 11
List the prime factors of (-2)/(0 + 3/(-1128)).
2, 47
Let o(u) = -5*u**3 + u**2 - u - 3. Let p be o(-2). Let y = p - 4. Suppose 3*g - 5*n - 96 = 0, g + n - 5*n - y = 0. What are the prime factors of g?
3
What are the prime factors of (12/18*33)/(4/6)?
3, 11
Suppose 740 = -0*l + 4*l. Suppose v + j = 244, -4*j = 2*v - l - 297. List the prime factors of v.
13, 19
Let w(n) = 3*n**2 - n + 8. Let a be w(6). Suppose u = -0*u + a. Suppose 3*r + 14 = u.